 = -2784 + 3201. What are the prime factors of g?
3, 139
Suppose -5*z - f = 4*f, 9 = -z - 4*f. Let n(p) = -p**2 + 6*p - 7. Let a be n(4). List the prime factors of (z - (a - 4)) + -2.
2
Let q = 219 + -119. Let f = q - 46. Suppose -4*u + f = 6. What are the prime factors of u?
2, 3
Suppose 0 = l - 3*l + 10. Let i(a) be the first derivative of a**4/4 - 2*a**3 + 3*a**2 + 7*a - 1. What are the prime factors of i(l)?
2, 3
Let p(c) be the first derivative of -c**3/3 - 13*c**2 + 26*c + 15. List the prime factors of p(-24).
2, 37
Suppose 130*d = 121*d + 18036. What are the prime factors of d?
2, 3, 167
Suppose 18*t = 10*t - 3480. List the prime factors of (-4)/10 - t/25.
17
Suppose 3*r + 5*c - 25 = -2*r, r - 3*c - 5 = 0. Suppose -9 - 1 = -r*q. Suppose q*l - 28 = 5*y + 34, 138 = 4*l - 3*y. What are the prime factors of l?
2, 3
Let j be ((-6)/5)/(42/(-3640)). Suppose 0 = -b + 3*t + 2*t + j, t - 80 = -b. List the prime factors of b.
2, 3, 7
Suppose 42*o = 63*o - 54432. What are the prime factors of o?
2, 3
What are the prime factors of (-4)/8*-1 + (-3049)/(-2)?
5, 61
Suppose 2*c - 4*v - 2946 = 0, -2*c + 2993 = 3*v + 40. What are the prime factors of c?
5, 59
Let q be (-27)/(-3)*(-4)/6. Let y(u) = u + 7. Let p be y(q). Suppose -p = x, 4*r - 68 - 23 = -x. List the prime factors of r.
23
Let l(w) = -w + 3. Let g be l(-1). Let b(d) = 9*d**2 - d + 12. List the prime factors of b(g).
2, 19
Let p = 145 - 153. What are the prime factors of 3315/18 + -2 - p/(-48)?
2, 7, 13
Suppose 4*c = -4*r + 8, -4*r = 5*c - 0*c - 13. Suppose k = -0*k + c. Suppose 5*m = -k + 90. What are the prime factors of m?
17
Let l be (-170)/(-51)*(-6)/5. Let u = 72 - l. What are the prime factors of u?
2, 19
Let x(i) = i**3 - 2*i + 1. Let f be x(2). Suppose -8*z + f*z + 30 = 0. Suppose -9*u = -z*u + 33. List the prime factors of u.
3, 11
Let w(t) = -2*t**3 - t**2 - 13*t + 2. What are the prime factors of w(-5)?
2, 73
Let k = -4 + 10. Suppose 4*o + k = -6. List the prime factors of -9*(-2 + 2/o).
2, 3
Let s(t) = t**3 + 16*t**2 + 15*t - 5. Let j be s(-15). What are the prime factors of 2 - -21 - (1 + j)?
3
Let z be 6*(-3 + (-40)/(-12)). Let s = -6 - z. Let d = -1 - s. What are the prime factors of d?
7
Let v = -25 + 39. Let m = v + 38. What are the prime factors of m?
2, 13
Suppose 0*u + 1650 = 5*u + 5*p, 3*u - p - 990 = 0. Suppose 0 = 5*m - 75 - u. List the prime factors of m.
3
Let n be 394 - ((-5)/15)/(2/24). Let o = n + -236. List the prime factors of o.
2, 3
Let r be 298/(-10) + 10/(-50). Let j = r + 76. Suppose 5*c - 130 = -2*q, -3*q + q = 2*c - j. List the prime factors of c.
2, 7
Let h(z) = 3*z**3 + z**3 - z**3 + z + 0*z**3 - 2*z**2. Let n be h(2). Suppose -5*p = 2*l - 0*l - 35, -l + n = 3*p. What are the prime factors of l?
3, 5
Let u(v) = 47*v**3 - v**2 + 4*v - 11. List the prime factors of u(2).
3, 41
Let o(j) = j**3 + 6*j**2 - 2*j - 5. Let r be o(-5). Let z = -27 + r. Suppose -69 = -2*b + p, z*b + 6*p - 3*p = 126. What are the prime factors of b?
37
Let j = -926 + 1733. What are the prime factors of j?
3, 269
List the prime factors of (2 - (-8)/5)/(114/7220).
2, 3, 19
Let r = -5664 - -9736. List the prime factors of r.
2, 509
Suppose 3*j = 18*j - 7770. What are the prime factors of j?
2, 7, 37
Let i(w) = -15*w**3 + 2*w**2 + 2*w + 10. List the prime factors of i(-3).
7, 61
List the prime factors of (-488)/(-3)*4 - (-10)/(-15).
2, 5, 13
Let k = -10 + 86. Suppose 2*l = -5*y + 108, 3*y + 4*l - k = -14. What are the prime factors of y?
2, 11
Let p(t) = -t + 15. Let s be p(12). Suppose v - b - 278 = b, -852 = -3*v - s*b. Suppose -5*c + 4*d = -v, 0 = -0*d + d + 3. What are the prime factors of c?
2, 3
Let o(n) = -25*n + 21. Suppose 56 = 23*a + 148. List the prime factors of o(a).
11
Suppose 5*o - 5*z = 25, -z - 3 = 3*o + 2*z. Suppose -o*u + 1 = -l, 3*u - 7*u + 8 = 0. Suppose l*i = -0*i + 90. What are the prime factors of i?
2, 3, 5
Suppose -a = y + 22, -2*y = 2*a - a + 21. What are the prime factors of (3 + -5)/(-8) - a/4?
2, 3
Let k = 173 - 136. List the prime factors of k.
37
Let l(v) be the second derivative of 5*v - 43/2*v**2 - 23/6*v**3 - 1/12*v**4 + 0. What are the prime factors of l(-18)?
47
Suppose 1409 = -8*j + 9*j. What are the prime factors of j?
1409
Let j = -696 - -1397. List the prime factors of j.
701
Suppose j = 6 - 3. Suppose o = j*o. Suppose -z = 4*t - 30, 2*z + o*z - t = 42. List the prime factors of z.
2, 11
Let n = 6 + -4. Suppose -4*u + 22 = 5*d, n*d - u = -2*u + 7. Suppose 0 = -4*l - d*t + 14, -2*l + 3 = l - t. What are the prime factors of l?
2
Let i(r) = r**3 + 10*r**2 - r + 7. Let f be i(-7). Suppose -3*h = -5*t - 116, 0*h = -3*h - 4*t + f. List the prime factors of h.
47
Suppose -8 = 3*l - l. Let a be 7 - 4 - 8*l. Let h = a - 16. What are the prime factors of h?
19
Let b(o) = -o**3 + 21*o**2 + 1. Let n be b(21). Suppose -c = -3*a + 254, -n = a - 4*c - 71. What are the prime factors of a?
2, 43
Let v be (0 - (-4)/8)*6128. Let w = -10 + 21. What are the prime factors of v/88 + 2/w?
5, 7
What are the prime factors of ((-12)/(-16))/(8598/2864 - 3)?
2, 179
Let m(o) = 2*o**3 + 1. Let g be m(1). Suppose -4*s - d = -38 + 7, -5*d - 52 = -g*s. Suppose 5*u - 79 = -s. What are the prime factors of u?
2, 7
Let n = -75 - -71. Let s = 28 + n. What are the prime factors of s?
2, 3
Let y(a) = 11*a + 72. Let d(u) = 21*u + 144. Let v(t) = 4*d(t) - 9*y(t). List the prime factors of v(-14).
2, 3, 23
Suppose -11*u + 1143 = -2*u. Suppose -77 - u = -4*s. What are the prime factors of s?
3, 17
What are the prime factors of 11602/5 - 52/130?
2, 5, 29
Let t(g) = 215*g**2 - 27*g - 23. What are the prime factors of t(-2)?
3, 11
Let f(i) = -5*i - 7. Let h(b) = 2*b**2 - 6*b. Let z be h(4). Let p be f(z). Let u = p + 67. List the prime factors of u.
2, 5
Let b = 78 + -81. What are the prime factors of ((-36)/b + -1)/((-9)/(-225))?
5, 11
Let v = -33 + 18. Let d = 17 + v. What are the prime factors of 281/9 + d/(-9)?
31
Suppose -4*j = -1389 - 271. Suppose -5*p = -0*p + j. Let t = 125 + p. List the prime factors of t.
2, 3, 7
Suppose 2*k - 20 = -2*k. Suppose 0*x + k = x, 2*x - 40 = -5*a. What are the prime factors of a?
2, 3
Let y be -19*(0 - 13) - 3. Suppose -3*n = -272 - y. What are the prime factors of n?
2, 43
Suppose l - w - 40 - 310 = 0, -2*l + 696 = -w. Suppose -l = -4*f + 74. List the prime factors of f.
3, 5, 7
Let q(x) = 2*x + 22. Let d = 10 + -40. Let v = d + 36. List the prime factors of q(v).
2, 17
Let p(c) = 18*c + 62. Let z(g) = -6*g - 21. Suppose -3 - 41 = -4*i. Let t(k) = i*z(k) + 4*p(k). List the prime factors of t(6).
53
Suppose -4*b - 14 = -11*b. Let y be ((-15)/b)/((-4)/8). List the prime factors of y/(0 + 9/15).
5
Let s be 0 - ((-8)/2 - 551). Suppose -4*y + 0*x + 2*x = -444, -x = -5*y + s. What are the prime factors of y?
3, 37
Suppose -4*i = -5*h - 0*i - 12, 0 = -4*h + 2*i - 12. What are the prime factors of ((-2)/(-2))/(h/(-228))?
3, 19
Let t(l) = -l. Let r be t(0). Suppose y + r = 4. Suppose -y*a + 18 = -22. List the prime factors of a.
2, 5
Let x(g) = 709*g**3 - g**2 + 5*g - 4. What are the prime factors of x(1)?
709
Let y(w) = -209*w + 274. List the prime factors of y(-5).
1319
Let g = -25 + 52. Let p = g - -44. Suppose -3*x + 5*i = -p - 18, -i + 5 = 0. What are the prime factors of x?
2, 19
Let f be (-332)/(-6)*18/12. Let r = 127 - f. Suppose 0 = -2*j - 2*d + 32, -3*j - d - 4*d = -r. What are the prime factors of j?
2, 3
Let q = 44 + -44. Suppose 8*r = -4*o + 3*r + 236, -o - 4*r + 48 = q. What are the prime factors of o?
2
Let b be (2/5)/(4/1490). Suppose -5*u = -f + 2*f - 247, -3*u - f = -b. List the prime factors of u.
7
Suppose -3*x + 2*x - k = -7, k = -4*x + 16. Suppose -90 = -r + 3*r - 4*s, -x*r - 5*s = 190. Let j = 94 + r. What are the prime factors of j?
3, 13
Let w(u) = -u**2 - 2*u**3 - u**3 - 7 + 8. Let y be w(-1). List the prime factors of ((-4)/y)/((-3)/117).
2, 13
List the prime factors of (-60)/(-100)*191*5.
3, 191
Let y(b) = 66*b**2 + 8*b + 52. List the prime factors of y(-7).
2, 5, 17, 19
Let t(c) = c**3 - 30*c**2 - 22*c + 17. List the prime factors of t(31).
2, 37
Suppose -b + 3906 + 36 = 3*l, -2*b + 7922 = -13*l. What are the prime factors of b?
2, 3, 7, 47
Let f(p) be the third derivative of -p**6/30 + p**4/12 + p**3/6 + 18*p**2. Suppose 5*w + 